d 179373027?
2283
Calculate the highest common factor of 83731690 and 49.
49
What is the highest common divisor of 47056 and 229806?
34
What is the highest common divisor of 24 and 2340142188?
12
Calculate the greatest common factor of 13636965 and 354.
177
What is the greatest common factor of 9670559 and 821?
821
Calculate the greatest common factor of 37905 and 161553.
21
What is the highest common factor of 2977585 and 31369?
247
What is the greatest common factor of 642290 and 34650?
110
What is the highest common factor of 1248983 and 632056?
1681
Calculate the highest common factor of 13202 and 457332.
46
What is the greatest common divisor of 22816152 and 108?
36
Calculate the highest common divisor of 438021524 and 1047.
349
What is the greatest common divisor of 304 and 16441360?
16
What is the greatest common divisor of 183697863 and 733?
733
What is the greatest common factor of 12775 and 6830975?
1825
Calculate the greatest common divisor of 9185006 and 584.
146
Calculate the greatest common factor of 568872 and 120.
24
Calculate the highest common divisor of 130 and 3396835.
65
Calculate the highest common factor of 6262 and 2292884.
62
What is the highest common factor of 7082229 and 1978?
989
What is the highest common divisor of 35039 and 10952?
37
What is the greatest common divisor of 4522279 and 103590?
1151
Calculate the greatest common factor of 34370 and 125790763.
3437
What is the highest common factor of 584086 and 684454?
1394
What is the greatest common divisor of 256378 and 5?
1
Calculate the greatest common divisor of 98676 and 2439.
9
What is the greatest common divisor of 164548 and 38132672?
5308
Calculate the greatest common factor of 240 and 2157615.
15
Calculate the highest common divisor of 143 and 4885075.
13
What is the highest common divisor of 474627 and 399?
3
Calculate the highest common divisor of 390 and 30485130.
390
What is the greatest common divisor of 152285 and 259915?
1145
Calculate the greatest common factor of 3944 and 1906924.
1972
What is the highest common factor of 208 and 4500106?
26
Calculate the highest common factor of 18888 and 40176.
24
What is the highest common divisor of 326 and 4105376354?
326
What is the highest common divisor of 14110686 and 90?
18
What is the greatest common factor of 107792300 and 10?
10
What is the greatest common divisor of 171 and 5260827654?
171
Calculate the greatest common divisor of 5717 and 528073573.
5717
Calculate the highest common divisor of 384 and 699245568.
384
What is the greatest common divisor of 32077126 and 186?
62
What is the greatest common divisor of 295 and 218306785?
295
What is the highest common factor of 47340 and 117257235?
3945
Calculate the highest common divisor of 187 and 13914891.
17
What is the greatest common divisor of 1572 and 3133872?
12
Calculate the greatest common divisor of 28 and 1004554.
2
What is the highest common factor of 246263 and 17982733?
2767
What is the greatest common factor of 10335 and 165685?
65
What is the highest common divisor of 42503 and 3192?
19
What is the greatest common factor of 1134859 and 33781?
913
Calculate the greatest common factor of 6675129 and 1242.
621
What is the highest common factor of 264 and 334587?
33
What is the highest common factor of 1241088 and 4568?
8
Calculate the highest common factor of 16065 and 870009.
357
Calculate the highest common divisor of 52 and 14929148.
52
What is the highest common divisor of 24649332 and 180?
12
What is the highest common divisor of 5202600 and 162081?
2001
Calculate the highest common divisor of 140 and 2747760.
20
Calculate the highest common factor of 251785 and 1184.
37
Calculate the greatest common divisor of 1160820 and 140.
20
Calculate the greatest common factor of 332535600 and 2840.
2840
Calculate the highest common factor of 5634 and 3004308.
18
What is the highest common divisor of 170499 and 39537?
69
What is the highest common divisor of 156771861 and 1986?
993
What is the greatest common divisor of 195753048 and 912?
456
Calculate the greatest common factor of 4615 and 43160.
65
What is the highest common divisor of 3199728 and 18067?
623
What is the greatest common factor of 5856 and 455128?
8
What is the highest common factor of 18367908 and 3477?
57
Calculate the greatest common divisor of 127998 and 2118.
6
What is the highest common factor of 8580 and 774510?
330
What is the greatest common divisor of 55468946 and 71318?
5486
Calculate the greatest common factor of 99515 and 6071.
13
What is the greatest common factor of 3416 and 70616?
56
What is the highest common divisor of 177 and 260095659?
177
Calculate the highest common factor of 5929 and 3153689.
539
What is the highest common divisor of 99 and 21243771?
9
Calculate the highest common factor of 7273971 and 45.
9
Calculate the greatest common factor of 190 and 65768690.
190
What is the highest common factor of 126351 and 25159?
139
Calculate the highest common factor of 9082 and 46474.
38
What is the highest common factor of 1647398520 and 12?
12
Calculate the highest common divisor of 113446963 and 38969.
2051
What is the highest common factor of 8115 and 129299?
541
What is the highest common factor of 74683 and 1231475?
1589
What is the highest common divisor of 2613135 and 17958?
123
What is the highest common divisor of 42419931 and 31023?
1149
Calculate the highest common divisor of 31208585 and 141450.
4715
Calculate the greatest common divisor of 290985 and 349315.
95
What is the greatest common factor of 5914178 and 45326?
346
Calculate the greatest common divisor of 19544457 and 74681.
4393
What is the highest common factor of 368125 and 931?
19
Calculate the greatest common factor of 2513 and 35723372.
359
Calculate the greatest common factor of 8627696 and 496.
16
Calculate the highest common divisor of 439320238 and 56.
14
Calculate the highest common factor of 1328 and 7524116.
332
What is the greatest common factor of 14600 and 3237400?
200
Calculate the greatest common factor of 113 and 56541697.
113
Calculate the highest common divisor of 544 and 4469198.
34
Calculate the highest common factor of 21907881 and 21844.
127
Calculate the greatest common divisor of 36087916 and 30362.
1786
Calculate the greatest common divisor of 316 and 482059738.
158
Calculate the highest common factor of 1645 and 7614940.
235
Calculate the highest common divisor of 560 and 852537.
7
What is the highest common divisor of 584 and 17633588?
292
What is the greatest common divisor of 5280 and 18173100?
660
Calculate the greatest common factor of 57276043 and 9537.
3179
What is the highest common divisor of 19194 and 371973?
21
What is the highest common factor of 768 and 187086080?
256
What is the highest common factor of 30 and 193622235?
15
What is the highest common divisor of 254037184 and 7808?
3904
What is the greatest common divisor of 83237062 and 19?
19
What is the highest common divisor of 2637 and 1503676?
293
What is the highest common divisor of 2146741 and 17869?
107
Calculate the highest common factor of 3330680 and 1208.
8
What is the highest common factor of 228 and 17701863?
57
Calculate the greatest common factor of 664783980 and 1974.
1974
What is the greatest common divisor of 741804 and 2436?
84
What is the highest common divisor of 424 and 4944052?
212
Calculate the greatest common factor of 300 and 1846442100.
300
Calculate the highest common divisor of 1802 and 970258.
34
What is the highest common divisor of 539 and 112287406?
77
What is the greatest common divisor of 140910 and 2296?
14
Calculate the highest common factor of 67675299 and 174.
87
What is the highest common divisor of 448980780 and 480?
60
What is the greatest common divisor of 696 and 11825412?
12
What is the greatest common divisor of 102 and 115644098?
34
What is the greatest common factor of 1329050 and 18050?
950
Calculate the highest common factor of 61418 and 4744110.
574
What is the greatest common divisor of 530566 and 32414?
1706
Calculate the highest common divisor of 10920 and 1064825580.
5460
Calculate the greatest common factor of 28 and 2034767.
7
What is the greatest common factor of 154408 and 4384?
8
What is the greatest common factor of 555 and 1918